alculate 0 - (0 - 1) - (4 - 3 - -1).
-1
What is the value of 3 + (-15 - -4) - (-6 - (-8 + 12))?
2
Calculate 5 + -2 + 3 + (20 - 19) + -2.
5
Evaluate 2 - 39 - -37 - (0 + (-21 - -2)).
19
Evaluate 6 + (-10 - -1) - (2 - -2).
-7
What is 1 + -7 - (-55 - (-36 - -10))?
23
Calculate 6 + 20 + 23 - 24.
25
What is the value of -3 - ((0 - -4) + (-33 - -35))?
-9
Calculate 8 - (1 + -1 + 1) - 1 - -9.
15
Evaluate (-28 - (4 - 20)) + -4.
-16
(4 + 0 - 9) + (-1 - -17)
11
Calculate 14 - -2 - ((14 - (4 + -1)) + -10).
15
What is the value of -17 + (0 + 6 + 0 - (605 - 607))?
-9
Calculate 16 - 11 - (3 - 1) - 10 - 1.
-8
What is the value of 0 - (1 - 0 - 1) - (-1009 - -1015)?
-6
What is 8 - 16 - (-7 + 11)?
-12
What is 10 + (-13 - (19 - 27))?
5
Calculate -5 - (4 - 18) - 5 - -5.
9
What is the value of -16 + 12 + (5 - ((11 - 3) + -30))?
23
What is 31 + -41 + 0 + -7?
-17
Calculate 23 + -31 - (7 - 35) - (4 + -2).
18
What is the value of -40 - (-59 - (-19 + -13))?
-13
What is (-3 - -1) + (-173 - -182) - (2 + 2)?
3
-18 + (43 - 23) + (3 - 1)
4
What is the value of (-3 - ((12 - (2 - -5)) + -3)) + 13?
8
Calculate -1 + (-4 - (1 + 2)) + (-2 - -27).
17
21 + (-18 - -1 - (-10 + 3))
11
What is -8 + (-11 - ((6 + 9 - 10) + -16))?
-8
28 - (-14 + 23) - 7
12
Evaluate -29 - (13 + (1 - 42)).
-1
Evaluate (-36 - -18) + 38 - 35.
-15
Calculate 19 + (-10 - -11 - 31) + 9.
-2
What is the value of 34 - 46 - (5 - (4 - -1))?
-12
Calculate 8 + (-7 - ((-4 - -6) + 0)).
-1
What is the value of 15 + -38 + (17 - -25)?
19
Calculate (3 - (-1 + 2)) + (26 - 19).
9
Calculate -3 + -10 - (-75 + 58).
4
What is -19 - (-18 + -1) - (0 - 8)?
8
Calculate (2 - -36) + 2 - 70.
-30
Evaluate -2 - 9 - (1 - (20 - 9 - 1)).
-2
Calculate 5 - (10 + -4) - (3 - -4).
-8
Calculate -3 + 55 - (-364 + 381).
35
Evaluate -30 + 5 - (-84 - -70).
-11
What is 81 + -102 + (0 - -18)?
-3
What is -25 - (52 - 19) - -24?
-34
What is the value of 31 - 46 - -20 - 6?
-1
Calculate -1 - -8 - (708 - 715).
14
2 + -13 + (-1 - -4) + 258 + -256
-6
What is 4 - (10 - 17) - 17?
-6
Calculate 31 + -7 - (41 + -12).
-5
Calculate 0 - 8 - (16 + -15).
-9
Calculate -15 - (14 + -30 - -7).
-6
-3 + 1 + -12 + (69 - 73)
-18
What is the value of -7 - (-3 + 2 - 5 - (24 - 34))?
-11
Calculate -4 - ((-13 - (-5 + 5)) + 7).
2
What is the value of (-24 - -35) + -1 + -6 - (-1 + 13)?
-8
13 + 22 + -7 + -6 - 11
11
What is -17 - -7 - (18 + -26 + 17)?
-19
Evaluate 717 + -699 + (0 - 11).
7
What is the value of 1 - 3 - (36 - (19 + 11))?
-8
Calculate -3 + (10 - 3 - (-42 + 52)).
-6
Evaluate 0 + -1 + (-142 - -148) + -25.
-20
What is the value of (1 - -4) + (19 - (18 - 6))?
12
(24 - 5) + -2 + 2 + 4 + -4
19
Calculate 1 - 2 - (1 - 4 - 0).
2
Evaluate (-3 - -7 - 17 - -1) + 8.
-4
2 + 3 + (19 - (-2 - -16)) - 0
10
Evaluate (-5 - 0) + 24 + -9 + (-3 - 0).
7
9 - (32 + -34 + 20)
-9
Evaluate -17 - ((-2 - -11) + 70 + -73).
-23
Evaluate -3 + (1 - ((25 + -7 - 9) + 13)).
-24
Evaluate 5 + 70 + -76 + 11 + 0.
10
What is -2 + 12 + -47 + 21?
-16
Calculate -4 + (6 - 3) + (-13 + -15 - -14).
-15
-5 + (-4 - (-4 + (3 - -3) - 0))
-11
Evaluate (0 - (6 + -7)) + 8 + -6 + 3.
6
What is the value of 19 + (-3 - (-6 + 14))?
8
Evaluate 4 - 2 - (-2 + 5) - (-4 - -4).
-1
21 + (-5 - (5 - (13 + -15)))
9
(-5 - -3 - 1) + (11 + 19 - -1)
28
What is 1 - -15 - 17 - (5 + -2)?
-4
What is 1 + (-7 + 9 - (12 + -14))?
5
What is the value of 6 + (1 - 14 - (9 + (10 - 19)))?
-7
Evaluate (42 - 61) + 10 + 0 + -3.
-12
Calculate (7 - -6) + -7 + -5 + 1.
2
(23 - (16 - -6)) + (-7 - 0 - 0)
-6
Evaluate (-1 - 0) + -21 - (5 + 27 + -30).
-24
Calculate (0 - -7) + (1 - -3 - 18) - 6.
-13
36 + -34 + (-29 - -37)
10
15 - (-14 + 12 - 15 - -61)
-29
(-23 - 23) + 35 - (-30 - 3)
22
(271 - 272) + 1 + (-2 - 2)
-4
What is the value of -11 + -1 + (6 + -10 - -1 - -5)?
-10
Calculate -2 + -8 + (-2 - (-13 - 5)).
6
Evaluate 26 + 13 + -10 - (1 + 3).
25
Calculate 28 - 2 - (44 - 19).
1
What is the value of -48 + 46 + -1 + 1 + (1 - 10)?
-11
What is the value of (-1 - (-2 + 5)) + 9 + -2 + 12?
15
17 - 27 - 17 - -3
-24
Evaluate -2 + (4 + 12 - 0).
14
What is the value of 9 + (-1 - (9 - (5 - 0)))?
4
Evaluate -11 + 14 + -12 + (8 - 4).
-5
Calculate 7 + -30 + -8 + 15.
-16
Evaluate 9 - (6 - -3 - (33 + -29)).
4
What is -21 + 12 + (-2 - -4)?
-7
Calculate -5 - (-5 - -10 - 7) - 8.
-11
What is -1 - 44 - (-1100 - -1069)?
-14
What is the value of -1 + 4 + 0 - (-10 + -53 - -51)?
15
Calculate (-19 + 10 + 57 - 14) + -9.
25
Evaluate (-2 - -10) + (6 - 19) + 0.
-5
What is -3 - (1 + 12 + 7 + -14 + 0)?
-9
Evaluate (-8 - (-11 + 10 + -6)) + 12.
11
Evaluate (9 - ((13 - -12) + -5)) + (-3 - 19).
-33
What is 16 - ((-5 - 9) + 21 + -11)?
20
-93 + 104 + (-5 - 0) + -1 + -15
-10
What is the value of ((-3 - -10) + 17 - 10) + -10?
4
Calculate -15 + (12 - (8 - -21 - 11)).
-21
-21 + -4 + (-138 - -186)
23
What is 2 - (-2 + 7 - -8)?
-11
Calculate 1 + -7 + 17 - 6 - (4 + 2).
-1
0 - ((5 - 4) + -7 + 3)
3
-1 + 1 + 0 + (2164 - 2169)
-5
What is the value of 4 - (-14 - ((-2 - -7) + -10))?
13
Calculate (57 - 33) + 27 - 28.
23
Evaluate (-2 - 7) + 37 - 15.
13
Evaluate -41 - -46 - 8 - 35.
-38
What is 43 + -29 + -6 + -18 + 1?
-9
What is -38 - (27 - (8 - -46))?
-11
What is 9 + -18 + 5 - (-15 - (-1 + -1))?
9
-5 + (4 - -3) + 3 + -11
-6
What is the value of (3 - (8 + -8 + 13)) + 7?
-3
-2 + 2 + (-53 - -56) + (-1 - -7)
9
Evaluate 3 - (-3 + 3 - -7) - (4 + 1).
-9
83 + -78 + (1 - -4 - (2 - 0))
8
What is the value of 3 - 1 - (-4 + (7 - -4))?
-5
Evaluate 9 + 19 - (0 + -7 - (-26 - -20)).
29
What is -1 - (-8 + (3 - -7))?
-3
Calculate 4 - (2 + (-1 - (-9 + (1 - -4)))).
-1
Calculate (18 - (22 + -25)) + -28.
-7
What is the value of (2 - 19) + 18 - (6 + 2)?
-7
What is the value of (12 + -32 - 5) + 12 + 11?
-2
What is 5 - -4 - (10 + -5 + (0 - 11))?
15
Calculate -5 + 3 - (-1 - -2) - (74 - 68).
-9
-16 - ((-1 - 4) + 4 - (2 - -1))
-12
Evaluate -37 - (-14 + -7) - (0 + -34).
18
(-23 - -34) + (-10 - (-2 + 5))
-2
Calculate -6704 + 6713 - (4 + -2 - (1 + -32)).
-24
(48 + -42 - 9) + (24 - 0)
21
What is -2 + 0 - (62 + -55) - (-2 - 5)?
-2
What is -7 + (-2 - ((-8 - -10) + -9))?
-2
What is -2 + (-15 - -4) + -198 + 208?
-3
Evaluate -6 - (8 - (17 - -4) - 3).
10
What is (13 - 8 - 7) + -41 + 8 - -9?
-26
What is the value of 0 + 7 - -1 - (-4 + 8 + -7)?
11
What is the value of 23 + -11 + (27 - 38)?
1
Calculate (1 - (-10 + (10 - 4))) + (-8 - 10).
-13
(7 + -3 - 0) + -15
-11
What is the value of -14 + 10 - 1 - -13 - 31?
-23
4 + -12 + (-11 - -41) - 0
22
Calculate 5 - (-1 + 1 + -15 + 14 + -6).
12
What is the value of 19 - (-15 - -9 - -12)?
13
49 + (0 - 58 - -13)
4
13 + (10 - 18) - 15
-10
What is (-5 - -2 - 5) + (-35 - -39)?
-4
(4 - 0) + (63 - (13 - -46))
8
What is the value of (-13 - 12) + 27 - (-5 - -1)?
6
What is the value of (-18 - -10) + 9 - 17?
-16
Calculate 8 - (-580 - -590 - (26 - -1)).
25
Calculate -3 + 1 + -5 + (8 + -11 - -4).
-6
What is 65 + -87 + 3 + -2?
-21
Calculate (-155 - -150) + (2 - (14 + 4)).
-21
-3 - 0 - -10 - (-10 + 35 + -9)
-9
What is 18 + (-9 + -1 - (8 - 5))?
5
What is -23 - (-23 + 14) - -14?
0
What is the value of 13 + -30 + 42 + (-3 - 20)?
2
What is (17 - 8) + -4 - 12?
-7
Calculate -4 + -4 + -19 + 34.
7
(1 + 1 - 6) + (6 - 8 - -3)
-3
Calculate -5 - (10 + (8 - 28) + 22).
-17
8 - (3 + -12 - (3 + 0))
20
What is the value of 0 + (-4 - -8) + (-18 + 3 - -6)?
-5
Calculate 13 - (26 + (35 - 55)).
7
Calculate 22 + -16 - (0 - -4).
2
Calculate 5 + ((-10 - -3) + (12 - 4) - -2).
8
Calculate (0 - 9) + (6 - 13) + 6.
-10
Evaluate (-20 - 26) + 18 - -7.
-21
What is the value of 852 + -850 + 1 + (2 - -29)?
34
What is (33 + -6 - 33) + (-2 - 2 - 2)?
-12
What is the value of (5 + 4 - -2) + (4 - 10)?
5
Calculate (-3 - -21) + 1 + 82 + -95.
6
What is the value of -29 - (-3 - -12 - 17)?
-21
What is the value of -39 + 17 - -24 - (0 + 7 + -2)?
-3
What is 189 + -180 + -15 + -3?
-9
12 + (-10 + 6 - 1 - 4) - 2
1
102 + -57 - 53 - (1 + 0 - 7)
-2
What is 4 - (6 + 9 + (-5 - -2))?
-8
What is the value of 31 + (-17 - (-14 + -2 - -11))?
19
Calculate -1 + 0 + 5 + -4 + (-4 - -5).
1
Evaluate -19 - 1 - (10 + -28 - (-18 + 0)).
-20
What is (3 + (0 - -1) - (-32 - -36)) + 7?
7
What is the value of (2 - 6) + 11 + 22 + (-9 - -3)?
23
What is -3 - (0 + -4) - -3 - (46 - 34)?
-8
What is the value of -3 + -2 + 21 - (-1 + 5)?
12
2 - (-1 - (-3 - 0)) - -8
8
What is -6 - -2 - 2 - 1 - -2?
-5
What is the value of (9 